, 0 = -r + 5*l + 5. Suppose s - a - 52 = r, 138 = 5*s - 2*a - 113. Is s a prime number?
False
Suppose -2*i = 5*f - 12, -5*i = -4*f + 3 - 0. Let r = f + -2. Suppose 2*b + h - 21 = r, 0 = 4*b + 4*h - 24 - 20. Is b a composite number?
True
Suppose -3*o = -4*t + 4169, 8*t - 3*t = -4*o + 5219. Is t a prime number?
False
Let f(a) = -7 - 4*a + 2*a**3 - 2*a**3 - 4*a**2 - a**3. Is f(-6) composite?
False
Let s = 680 - 404. Let l = s + -136. Suppose 0 = -2*x - 2*x + l. Is x prime?
False
Suppose 0 = 5*w + 19 + 6. Let u(z) = -z**3 - 4*z**2 + 5*z + 5. Let r be u(w). Suppose 3 = -2*v + 2*j - r*j, 2*v - 22 = 2*j. Is v a prime number?
False
Suppose 4405 = 5*o + 5*j, 6*j = -5*o + 3*j + 4397. Is o prime?
True
Let l(p) = 81*p - 4. Is l(11) prime?
True
Let t be -1 + 4 - (-1 + 1). Suppose 0 = -5*m - t*s + 121, -m = m + 4*s - 54. Suppose 2*w + 5*l - 2*l = 41, 0 = -w - 2*l + m. Is w prime?
True
Suppose -10 + 45 = p. Is p prime?
False
Let c = 28 + 1. Is c/3 - 2/(-6) a prime number?
False
Let k(l) = -l + 12. Is k(9) a composite number?
False
Suppose -z = -2*v - 420, -3*v + 4*v - 1281 = -3*z. Let t = z - 128. Is t prime?
False
Let h(x) = -x**3 - 9*x**2 + 3. Is h(-10) a composite number?
False
Let i = -554 - -1593. Is i composite?
False
Let a = 1 - 3. Is 3*(a + 530/6) prime?
False
Suppose 3*g - 31 = 5*y, g + 3*g - 5*y = 33. Suppose -g*a + 24 = -4*x, -a + 6 = -2*a - 4*x. Let v(u) = 2*u**3 - 8*u**2 - 5*u - 1. Is v(a) a prime number?
True
Suppose 0 = -2*k + 5*k - 66. Is k prime?
False
Let t(l) = -8*l**3 + 3*l**2 + l - 2. Let k be t(-2). Let p = k - -23. Is p prime?
False
Suppose 3*w = -0*v + 5*v - 213, -4*w = 4. Suppose -m + v = 2*m. Is m prime?
False
Let x(w) be the third derivative of 7*w**5/12 + 5*w**4/24 + 7*w**3/6 + 7*w**2. Is x(-4) a composite number?
False
Let g(f) = -f**2 - 3*f. Let r be g(-6). Is (r/12)/((-2)/44) prime?
False
Suppose -719 - 34 = -3*r. Is r composite?
False
Let o(y) = 2*y + 4. Let n be o(3). Suppose 3*q = r - 5*r - n, 4*r + 26 = 5*q. Is (286/r)/((-5)/10) a composite number?
True
Let p(z) = -z**3 + 4*z**2 + 6*z - 2. Let l be p(5). Suppose 0 = -l*c + 5*c - 38. Is c a prime number?
True
Let q = -12 + 5. Suppose -4*t = -8*t - 28. Is (-159)/q + (-2)/t a composite number?
False
Let r be 1366/((-3)/6*4). Let l = 1014 + r. Is l a prime number?
True
Is 340/30 + (-1)/3 prime?
True
Suppose 0*a = -2*a - 40. Let h = a + 73. Is h composite?
False
Suppose 5*x = -4*y + 5344, -8 = 2*x - 0*x. Is (4/6)/(6/y) prime?
True
Is 32 - (-1 - 0/3) composite?
True
Let j be 1/(-5) + 78/(-10). Let u = 7 + j. Is 3*1 - 22/u prime?
False
Let f be ((-20)/8)/(2/(-4)). Suppose 0 = -2*o + f*r + 256, 12 = 4*r + 28. Is o a prime number?
False
Let w be (-6)/(-33) + (-97)/(-11). Suppose -381 = 8*u - w*u. Is u a composite number?
True
Let u be (-1)/4 - (-34)/8. Suppose -z + 0 + u = 0. Is z + 1 - (2 - 0) a composite number?
False
Suppose 2*m - 314 = 2*k, 8*m - 495 = 5*m - 3*k. Is m prime?
False
Let l(q) = 3*q**2 + 3*q + 5. Let h be l(-8). Suppose 0 = -4*z + h + 87. Is z prime?
False
Suppose 3*m - h + 5*h = 489, -4*m + 652 = 5*h. Let o = m - 68. Is o prime?
False
Let o = -2 - -4. Let s = -6 - -8. Is 68/s + (-2)/o a composite number?
True
Suppose -2 = -2*c + o + o, -17 = c + 5*o. Is 0 + c - (-80 - -1) prime?
False
Suppose -16*h - 1470 = -13*h. Let y = h + 691. Is y a composite number?
True
Let y be (254/(-4))/((-8)/16). Suppose -32 - y = -3*a. Is a a composite number?
False
Suppose -4*b + 0*c + 2*c = -22, 2*b - 5*c - 31 = 0. Suppose -b*p + p = 10. Is (-383)/p - 6/(-15) prime?
False
Suppose 0 = -10*x - 0*x + 29570. Is x a prime number?
True
Is 3811/6 - (-1)/(-6) a composite number?
True
Let h = 69 + -44. Let b = 152 - h. Is b composite?
False
Let v = -10 + 2. Let g = 11 + v. Suppose g*y + 3 = 9. Is y prime?
True
Let b(p) = -p + 2 - p + 2 - 4*p. Let l be b(-4). Suppose -3*y = 5*j - l, 4*j = -2*y + 26 - 8. Is y a prime number?
True
Suppose -3*o - 27 = 7*i - 2*i, 3*i = -2*o - 17. Is 1*(o/(-2) - -35) prime?
True
Let v(b) = b**3 - 7*b**2 - b + 7. Let i be v(7). Suppose i = 5*g + 157 - 1072. Is g composite?
True
Let q(c) = 15*c**2 - c + 7. Is q(14) composite?
True
Suppose 258 = 4*l - l. Suppose -r = 3*r - 1180. Suppose r = 3*o - l. Is o composite?
False
Let j be -3 + (-1)/(1/(-101)). Suppose 0 = 2*r - 8, 4*r - j = -2*i + 6*r. Is i composite?
False
Suppose 2*h = 5*h - 39. Let j be (-2)/(-4) + h/(-2). Is 147/6 - 3/j prime?
False
Suppose 0 = 3*t + 2*t. Suppose 0*f + 5*f + 170 = t. Let g = -15 - f. Is g a composite number?
False
Let z be 574 - (-3)/(12/8). Let h = z - 203. Is h a composite number?
False
Let r = 127 + -56. Is r composite?
False
Let r(j) = 22*j**3 - 2*j**2 - 2*j + 2. Is r(2) a prime number?
False
Suppose -3*u + 6*u - 2134 = -2*j, 5335 = 5*j - 5*u. Is j a composite number?
True
Suppose 3*h = 4*n - 101 - 92, -114 = -2*n - 2*h. Suppose 2*g + 12 - n = 0. Suppose -5*z + 10 = -g. Is z composite?
True
Let p(n) = -n**3 + 6*n**2 + 6*n - 1. Let r(d) = -d - 1. Suppose -2*y = 6*u - u + 31, -2 = u - y. Let b be r(u). Is p(b) a composite number?
True
Suppose 3*x + 2*x = 2455. Is x prime?
True
Let x(p) = p**3 - 4*p**2 + p + 7. Suppose -4*g - 2*s + 34 = 0, -4*g + 2*s + 10 + 4 = 0. Is x(g) a composite number?
True
Let c(w) = 3*w**2 + 12*w + 2. Is c(-13) composite?
False
Suppose -621 = -2*x - x. Suppose -5*n + x = -3*z, 2*z + 3*z + 176 = 4*n. Is n a composite number?
True
Let s(l) be the second derivative of l**4/12 + l**3/3 + 7*l**2/2 + 3*l. Is s(-6) composite?
False
Let z(s) = -s**2 - 8*s - 7. Let o be z(-6). Suppose 492 = -v + o*v. Is v a composite number?
True
Let p(k) = k**3 + 7*k**2 - 7*k + 10. Let m be p(-8). Suppose -6 = -4*f + m. Is (-1)/f*-106 + 0 a composite number?
False
Suppose 4*n + 1732 = 4*s, 2 = 3*s - 1. Let c be (-3)/15 + n/(-10). Let q = c - 30. Is q a prime number?
True
Suppose 38 = 2*r - 0*r. Is r a composite number?
False
Let l = 12 - 6. Suppose -n = -l*n + 265. Is n a prime number?
True
Let w be 32/12*15/2. Suppose 0 = -6*x + 2*x + w. Suppose 2*a - 24 = d - x*d, 3*d - 27 = 3*a. Is d composite?
False
Suppose s - 248 = 372. Suppose 513 = y - 3*w, 6*y - 2*w = y + 2500. Suppose -2*t + h = -y, s - 102 = 2*t + 4*h. Is t a composite number?
False
Suppose -3*d + g = 28, 3*d + 42 = 5*g - 2. Is ((-1)/1)/(d/712) composite?
False
Suppose 0*v + 10 = -v. Let r(d) = d**2 + 0 + 0*d**2 + 0 - 7 + 4*d. Is r(v) prime?
True
Suppose 35 = 3*x + 5*u, -4*x + u + 36 = 5*u. Suppose -4*f + 847 = -x*v + 2*v, 5*f + 2*v = 1053. Is f a prime number?
True
Suppose 2*v - 2*l = 848, l - 6*l = 25. Is v prime?
True
Let d = 3 + 0. Suppose d*i = 2*i + 79. Is i a prime number?
True
Suppose 0 = -12*m - 1948 + 9496. Is m a composite number?
True
Let f = 53 + -28. Let o = 6 + f. Is o a prime number?
True
Let r(n) = n - 40. Let v be r(0). Let y be (-1)/(-4) + (-190)/v. Suppose -g = -y - 14. Is g prime?
True
Suppose 0 = 4*r - c - 3*c - 28, c + 3 = 0. Suppose n = -0*n + r. Is n/14 - (-1420)/28 a prime number?
False
Let j = -10 - -15. Let b(f) = j*f + 30*f - 1 + 19*f. Is b(3) composite?
True
Let d = -136 - -395. Suppose -5*o + q = -449, 0*o = -3*o - 2*q + d. Is o prime?
True
Suppose 0 = w - 2*r - 1, 5*w - r = -2*r + 16. Let y = 10 + 5. Suppose 2*m = 4*n + 85 - y, 3*m + w*n - 114 = 0. Is m a composite number?
False
Suppose -10008 = -4*i + p, 4841 = 4*i - 2*p - 5163. Is i composite?
False
Let x = -136 - -315. Is x a composite number?
False
Suppose -d = d + 8. Let a = -1 - d. Suppose -a*i + 136 = i. Is i prime?
False
Is (76 - -1) + (12 - 10) prime?
True
Suppose l - 5*h = 323, -251 = -5*l - 3*h + 1364. Is l prime?
False
Suppose 0 = -0*m - 2*m + 8. Let l = m - 1. Suppose -g = -l*g + 28. Is g prime?
False
Let z(r) = 24*r**2 - 4*r + 7. Is z(-4) composite?
True
Let o(n) = -n + 4. Let w be o(6). Is 2/4 + (-243)/w a composite number?
True
Suppose 211 = y - 4*j, -2*j = -2*y + 218 + 174. Is y prime?
True
Let u(z) = 123*z**3 - 5*z**2 + 2*z - 5. Let m(s) = -62*s**3 + 2*s**2 - s + 2. Let n(a) = 5*m(a) + 2*u(a). Let l = 3 + -4. Is n(l) a prime number?
False
Suppose -2*o - o = -141. Suppose 6 + o = m. Is m a prime number?
True
Suppose -2*u - 2*u + 40 = 0. Let l be (u/4)/((-5)/10). Let f(n) = -3*n - 2. Is f(l) composite?
False
Suppose 0 = 8*v - 4*v + 5*o - 199, 3*v + o - 152 = 0. Is v composite?
True
Let c = -6 - -140. Is c a composite number?
T